(v) = v**3 - 19*v**2 - 62*v + 43. What is r(22)?
131
Let z(q) = q**2 + 2*q - 13. Calculate z(-5).
2
Let h(c) = 5*c**3 + 37*c**2 - 30*c - 49. Give h(-8).
-1
Let y(g) = 113*g + 6510. What is y(-57)?
69
Let b(l) = -l**3 + 11*l**2 - 64*l + 768. Give b(11).
64
Let h(z) = -1382*z + 23510. Calculate h(17).
16
Let b(x) = 70*x - 654. Give b(11).
116
Let u(q) = -99*q**2 - 23*q - 23. What is u(-1)?
-99
Let y(s) = 279*s**2 - 1111*s - 6. Calculate y(4).
14
Let l(i) = 18*i - 257. Give l(12).
-41
Let p(g) = -8*g - 331. What is p(-44)?
21
Let t(p) = 2*p + 58. Give t(-31).
-4
Let g(d) = -5*d**2 + 188*d + 45. Calculate g(38).
-31
Let w(g) = -g**3 + 57*g**2 - 63*g + 316. Give w(56).
-76
Let u(d) = d**3 + 32*d**2 - 38*d - 151. What is u(-33)?
14
Let i(z) = 428*z + 3419. Determine i(-8).
-5
Let c(q) = -q**2 + 388*q - 8. Give c(0).
-8
Let y(t) = 20*t**2 + 10*t - 2. Calculate y(2).
98
Let w(a) = -a**2 - 285*a - 1668. Calculate w(-6).
6
Let v(h) = h**2 - 118*h - 245. Calculate v(-2).
-5
Let m(c) = c**2 - 16*c + 88. Determine m(9).
25
Let v(s) = 3*s - 20. What is v(2)?
-14
Let q(z) = 2*z**3 + 22*z**2 + 78*z - 18. Give q(-8).
-258
Let p(s) = 8*s**2 - 302*s + 926. Give p(3).
92
Let z(v) = 3*v**2 + 35*v - 22. Determine z(-14).
76
Let x(n) = -316*n - 12311. Calculate x(-39).
13
Let h(x) = 68*x**2 + 5644*x + 5. What is h(-83)?
5
Let n(k) = -k**3 - 9*k**2 + 2*k + 10. Determine n(-7).
-102
Let h(k) = -23*k**2 + 6*k - 16. Give h(4).
-360
Let x(l) = 87*l + 45. Determine x(1).
132
Let w(m) = m**3 + 4*m**2 - 23*m - 21. Determine w(-8).
-93
Let n(c) = -c**3 + 38*c**2 + 38*c - 48. Calculate n(39).
-87
Let r(y) = -3*y**3 - 5*y**2 - 8*y - 7. Calculate r(-2).
13
Let x(p) = p**3 + 28*p**2 + 25*p + 3. What is x(-27)?
57
Let o(b) = 19*b + 717. What is o(-38)?
-5
Let s(h) = -2*h**2 + 113*h - 596. Give s(6).
10
Let q(p) = -17*p - 110. Calculate q(-7).
9
Let j(h) = 7*h - 28. Give j(7).
21
Let k(d) = d**3 + 6*d**2 - 25*d - 126. What is k(-6)?
24
Let v(h) = -3*h**3 + 45*h**2 - 48*h + 112. What is v(14)?
28
Let u(i) = -48*i + 4705. Calculate u(98).
1
Let o(h) = -9*h + 48. Determine o(-2).
66
Let f(u) = 24*u - 37. Give f(-6).
-181
Let i(s) = -2*s**3 + 3*s**2 + 40*s - 2. Calculate i(-4).
14
Let g(u) = 1923*u - 13433. What is g(7)?
28
Let n(c) = -c + 69. What is n(0)?
69
Let w(x) = -3*x**2 + 295*x + 2905. Determine w(-9).
7
Let a(v) = -4*v**3 - 47*v**2 + 167*v + 24. Give a(3).
-6
Let s(z) = -2*z**2 + 27*z + 785. What is s(27)?
56
Let b(t) = -t**3 - 4*t**2 + 41*t + 174. Determine b(-4).
10
Let g(f) = f**3 + 15*f**2 - 26*f - 665. What is g(-8)?
-9
Let n(b) = b**3 + 2*b**2 - 55*b - 57. Give n(-1).
-1
Let z(a) = 23*a - 31. Give z(1).
-8
Let a(p) = -3*p**2 + 8*p - 9. Calculate a(2).
-5
Let m(d) = -4*d**2 - 15*d - 13. Calculate m(-2).
1
Let f(d) = -77*d**2 + 16*d - 18. What is f(1)?
-79
Let m(p) = p**3 + 33*p**2 - 3*p - 106. Determine m(-33).
-7
Let f(h) = -69*h**2 - 159*h - 26. Determine f(-2).
16
Let n(s) = 2*s**2 - 57*s - 3501. Determine n(-30).
9
Let u(w) = 3*w**3 - 10*w**2 - 37*w + 57. Give u(5).
-3
Let q(w) = -w**2 + 42*w - 377. Determine q(17).
48
Let c(q) = -621*q - 7475. Calculate c(-12).
-23
Let f(z) = -7*z**2 - 18*z - 28. Calculate f(-2).
-20
Let c(i) = 2*i**3 + 113*i**2 + 164*i - 187. Calculate c(-55).
-132
Let f(u) = -2*u**2 + 13*u + 67. Give f(12).
-65
Let n(i) = i**2 + 35*i + 93. Calculate n(-33).
27
Let f(n) = -102*n - 19. What is f(0)?
-19
Let d(l) = -1598*l + 9585. Calculate d(6).
-3
Let w(c) = 319*c**2 - 314*c - 6. Determine w(1).
-1
Let u(o) = 237*o - 968. Determine u(4).
-20
Let l(k) = k**2 - 29*k + 76. Calculate l(3).
-2
Let u(a) = a**2 + 56*a + 58. Determine u(-55).
3
Let z(t) = t**3 + 8*t**2 - 28*t - 65. Determine z(-10).
15
Let w(d) = -8*d + 42. Determine w(-6).
90
Let w(s) = 95*s**3 - s**2 - s + 1. Determine w(1).
94
Let t(f) = 2*f**2 - 169*f - 1054. Give t(-6).
32
Let m(o) = -o**3 - 33*o**2 - 35*o - 93. Give m(-32).
3
Let q(p) = -p**2 - 265*p - 2045. Determine q(-8).
11
Let g(w) = -34*w**2 - 2*w + 1. Calculate g(2).
-139
Let o(i) = -i**3 - 7*i**2 + 81*i + 86. Calculate o(8).
-226
Let v(m) = -4*m**3 + 5*m**2 - 12*m + 18. Calculate v(3).
-81
Let h(x) = -17*x**2 - 54*x - 236. Give h(-4).
-292
Let n(r) = r + 95. Determine n(45).
140
Let z(w) = -7*w**2 - 10*w. Determine z(-1).
3
Let h(c) = 6*c**2 + 29*c - 16. Determine h(-6).
26
Let q(u) = -u**2 + 56*u + 456. Determine q(63).
15
Let s(y) = -2*y**2 + 350*y - 1697. Determine s(170).
3
Let f(y) = y**3 - 10*y**2 - 16*y + 66. Calculate f(11).
11
Let j(d) = -d**2 - 11*d. What is j(-9)?
18
Let v(m) = -13*m**3 - 77*m**2 - 396*m - 2418. Give v(-6).
-6
Let i(g) = -5*g**3 + 3*g**2 + 1. Calculate i(2).
-27
Let i(q) = 57*q - 21. Give i(2).
93
Let u(g) = 25*g**2 - 150*g - 15. What is u(6)?
-15
Let f(x) = -x**3 + 60*x**2 - 59*x - 89. Determine f(59).
-89
Let z(j) = -6*j**2 + 30*j + 1385. Give z(18).
-19
Let h(q) = 19*q**2 - 112*q - 10. What is h(6)?
2
Let t(b) = b**3 - 36*b**2 + 114*b + 1961. What is t(30)?
-19
Let j(q) = q**3 - 76*q**2 + 5*q - 369. Calculate j(76).
11
Let q(k) = 4*k**2 - 27*k - 190. Calculate q(-6).
116
Let v(r) = r**3 + 73*r**2 + 75*r + 230. Calculate v(-72).
14
Let b(y) = 148*y**3 - y**2 + y + 2. Give b(-1).
-148
Let y(z) = -2*z**2 + 12*z + 822. Give y(25).
-128
Let o(q) = 150*q - 4356. What is o(29)?
-6
Let m(n) = 10*n - 24. Give m(7).
46
Let y(x) = x**3 - 12*x**2 + 20*x + 1. Determine y(2).
1
Let v(w) = -w**2 - 60*w + 340. Give v(5).
15
Let z(g) = -g**2 + 631*g - 2504. What is z(4)?
4
Let p(d) = -98*d + 3828. Calculate p(40).
-92
Let f(v) = -v**3 + 3*v**2 + v + 209. What is f(0)?
209
Let z(a) = 32*a**2 + 243*a + 177. What is z(-7)?
44
Let u(r) = 25*r**2 + 205*r - 182. Give u(-9).
-2
Let g(f) = 11*f**2 - 1002*f - 914. Calculate g(92).
6
Let j(d) = d**2 - 73*d + 996. Give j(18).
6
Let l(u) = -25*u**2 + 1518*u + 454. Calculate l(61).
27
Let j(i) = -i**3 + 15*i**2 + 122*i - 2. Determine j(20).
438
Let p(v) = -v**3 + 31*v**2 - 179*v - 824. Calculate p(14).
2
Let d(q) = 2145*q - 64348. Give d(30).
2
Let c(p) = -7*p**2 + 42*p + 187. Calculate c(-4).
-93
Let w(j) = j**2 + 12*j + 28. Give w(-13).
41
Let w(i) = -i**3 - 24*i**2 + 76*i - 50. Determine w(-27).
85
Let f(k) = 50*k + 3135. What is f(-63)?
-15
Let s(p) = 23*p + 478. Determine s(-22).
-28
Let p(b) = b**3 + 58*b**2 + 112*b - 87. Calculate p(-56).
-87
Let c(r) = -r**3 - 3*r**2 + 39*r + 1. Determine c(0).
1
Let g(l) = -l**3 - 10*l**2 + l + 23. Calculate g(-12).
299
Let n(r) = -55*r - 2252. Determine n(-41).
3
Let t(k) = k**2 + 297*k - 5027. What is t(16)?
-19
Let d(j) = -4*j**2 + 711*j - 4124. Determine d(6).
-2
Let l(d) = -360*d - 2474. Determine l(-6).
-314
Let s(c) = -c**3 + 42*c**2 + 92*c - 16. Give s(44).
160
Let y(t) = -21*t**2 + 14*t + 6. What is y(3)?
-141
Let x(q) = q**3 + q**2 - 14*q + 19. Determine x(-6).
-77
Let b(q) = -q**3 + 28*q**2 + 33*q - 35. What is b(29)?
81
Let a(n) = -155*n - 1218. Determine a(-8).
22
Let c(j) = 5*j**2 - 104*j - 54. Give c(25).
471
Let k(q) = -q**2 - 2*q + 372. Give k(0).
372
Let u(h) = -h**3 - 25*h**2 - 5*h + 271. Give u(-25).
396
Let i(m) = m**3 + 26*m**2 + 29*m + 1. What is i(-25)?
-99
Let j(y) = 2*y**2 + 304*y + 1479. Calculate j(-147).
9
Let q(m) = -3*m**3 - 127*m**2 - 44*m - 111. Determine q(-42).
-27
Let h(b) = b**2 - 7824*b - 31314. Calculate h(-4).
-2
Let k(z) = z**3 - 14*z**2 + 29*z + 44. Determine k(13).
252
Let h(x) = 4*x**2 - 85*x - 2. Calculate h(19).
-173
Let l(u) = -2*u**3 + 114*u**2 - 423*u - 61. What is l(53)?
-8
Let d(b) = -265*b + 2412. Give d(9).
27
Let v(y) = -18*y - 299. What is v(-15)?
-29
Let l(h) = -h**2 - 763*h + 5388. What is l(7)?
-2
Let f(b) = 6*b - 156. Calculate f(43).
102
Let y(r) = -5*r**3 + 92*r**2 - 31*r - 25. What is y(18)?
65
Let g(s) = -344*s + 757. Determine g(2).
69
Let a(y) = 12*y - 1787. Give a(149).
1
Let q(l) = -l**2 - 8*l + 68. Give q(-12).
20
Let r(w) = 45*w**3 - w**2 + w. Give r(1).
45
Let y(n) = 7*n**2 - 100*n + 260. Determine y(11).
7
Let f(h) = -62*h**2 - 369*h + 6. What is f(-6)?
-12
Let g(q) = 23*q**2 - 902*q - 30. What is g(39)?
-225
Let x(d) = 1081*d - 14046. Calculate x(13).
7
Let r(g) = -g**2 + 56*g - 761. What is r(24)?
7
Let f(g) = g**3 + 4*g**2 - 3*g + 14. What is f(-5)?
4
Let c(r) = 28*r + 291. Give c(-10).
11
Let s(v) = 17*v - 55. Calculate s(9).
98
Let c(d) = 11*d**2 + 7*d